g - 193 = -4*c, -4*c + 134 + 54 = -4*g. Let b = c - m. What is the tens digit of b?
6
Let u(y) be the third derivative of y**4/4 - 77*y**3/6 + y**2. Let l be u(21). What is the units digit of l + 5 + 3 + -4?
3
What is the thousands digit of (-24)/64 + 129441/24?
5
Let l(o) = -o**3 - 22*o**2 - 23*o - 24. Let t be l(-21). Suppose -3*u - t = -0*u. What is the units digit of (-2)/(3 + 22/u) - -60?
3
Let f be -1225 - (5/(-3))/(7/(-21)). Let l = -256 - f. What is the tens digit of l?
7
Let n(f) = 26 - 3*f + 23 + 5*f + 57. Let j = 156 + -156. What is the hundreds digit of n(j)?
1
What is the units digit of 16167/119*44 - 2/(-7)?
8
Suppose 0 = -w + 6, 0 = i + w - 4108 - 3008. What is the thousands digit of i?
7
Suppose -327 - 95 = 2*j. Let v = j + 502. What is the units digit of v?
1
Suppose -8*a + 115 = -7*a + 4*v, -4*a + v = -511. Suppose 2*d + 0*d = g + 20, 0 = 5*g - d + a. What is the units digit of ((-65)/g)/(2/40)?
0
Suppose -128*o + 86064 = -114*o - 44836. What is the hundreds digit of o?
3
Let j = 67 + 13. Suppose 11*c + j = 7*c. What is the tens digit of (c/(-8) + 5)/(6/16)?
2
Suppose -74*i = -20*i + 25386 - 378384. What is the tens digit of i?
3
Let n(m) = 103*m**3 - m**2 + 1. Let b = 82 + -80. Suppose 4*l = b*l + 2. What is the tens digit of n(l)?
0
Let a = 2699 - 1152. Suppose -1535 = -4*k + x, -3*x - a = -4*k + 2*x. What is the units digit of k?
3
Let w(j) = j**3 - j**2 + j + 106. Let y be w(0). Let t = 829 - 904. Let m = t + y. What is the units digit of m?
1
What is the hundreds digit of -4 + 3 + (-11)/(22/(-5432))?
7
What is the hundreds digit of 1111644/81 - (1 + (0 - 0))*1?
7
Suppose -45 = -12*f + 3. Suppose -63 + 2255 = f*c. What is the tens digit of c?
4
Let z = 85 + -77. Let p be 2/8 - -13*22/z. What is the hundreds digit of (2/8)/(-1) + 6201/p?
1
Let y(o) = -6*o**2 + 34*o - 135. Let v(j) = -j**2 + 7*j - 27. Let s(g) = -11*v(g) + 2*y(g). Let h be s(-12). What is the tens digit of 18/81 - 1681/h?
8
Suppose -28*v = -27*v - 9. Suppose -11*w + 1798 = -v*w - 5*q, 2*w + q = 1786. What is the units digit of w?
4
Suppose 1 - 13 = -g - 4*i, i + 82 = 4*g. Suppose 25*v - g*v = 1250. Suppose -93*q = -95*q + v. What is the tens digit of q?
2
Let k(z) = -z**3 + 74*z**2 - 22*z - 1210. What is the tens digit of k(70)?
5
Suppose 1439 = -16*j + 15503. Let w = j - 494. What is the units digit of w?
5
Suppose 86*n = 87*n - 341. Let s = n + -69. What is the units digit of s?
2
Let g(i) = 3*i - i**2 - 1 + i - 9*i. Let v be g(-3). Suppose -v*f = -f + 2*l - 52, -2*l = -5*f + 56. What is the tens digit of f?
1
Let a be -1 - 3/(15/(-10)). Let j be (4 - 2)*1 - a. Let p(y) = 101*y**2 + y. What is the units digit of p(j)?
2
What is the units digit of (-16848)/(-10)*2010/603?
6
Let z = -13 - -13. Suppose -k = 5*t - 6, 3*k + z = -12. Suppose 3*j - 231 = -3*d, 3*j + 0*j = -t*d + 153. What is the units digit of d?
8
Let g(r) = r + 1. Let j be g(-9). Let f be -3 - j/(-6)*120/16. Let n(m) = -13*m - 34. What is the units digit of n(f)?
5
Let h = 8 - 5. Let k = 3491 + -3476. Suppose -h*g = -k - 33. What is the units digit of g?
6
What is the units digit of (3*(-8)/(-12))/((-20)/(-221380))?
8
Let b = -49 - -187. Let d = -1 - b. Let k = d + 199. What is the tens digit of k?
6
Suppose 14*n - 41179 - 78297 = 0. What is the units digit of n?
4
Let c = -2 - 3. Let g = 1626 - 1621. What is the tens digit of (0/(-5) + g)*(-12)/c?
1
What is the tens digit of ((-354)/4)/(11/((-9196)/57))?
9
What is the hundreds digit of 6/54*-51567*(-38 + 26)?
7
Let g = 24091 - 13957. What is the tens digit of g?
3
Suppose 0 = 6*i - 2*i - 12. Suppose 77*z - 89*z + 24 = 0. Suppose -i*u + 36 = -z*u + 3*a, 2 = -a. What is the units digit of u?
2
Let f(q) = -q**3 - q**2 + 4*q + 6. Let y be f(-2). Suppose 5*v = y*v + 1458. What is the tens digit of v?
8
Let t = 68 - 47. Let c(d) = d - 19. Let o be c(t). Let v(n) = 3*n + 5. What is the tens digit of v(o)?
1
Let y(j) = 11*j**3 + 4*j**2 - 35*j - 397. What is the hundreds digit of y(15)?
1
Let s = 804 - 773. Suppose -13*w - 28764 = -s*w. What is the thousands digit of w?
1
Suppose 1014*v - 1016*v = -2634. Suppose v = 6*s - 525. What is the hundreds digit of s?
3
Let r be 166/747 - 2*434/18. Let h = r - -508. What is the units digit of h?
0
Suppose -11984 = -44*k + 16*k. Suppose -o + 406 + k = 0. What is the hundreds digit of o?
8
Let n(p) = -286*p**3 + 10*p**2 - 20*p - 146. What is the ten thousands digit of n(-5)?
3
Let d(f) be the third derivative of 0*f + 0 + 1/2*f**3 - 1/24*f**4 + 9*f**2. What is the units digit of d(-10)?
3
Let j = -73 - -76. Suppose j*v - 61 - 848 = 0. What is the tens digit of v?
0
Suppose 0 = -2*p - 2*r + 26910, 3*p = r + 16879 + 23502. What is the units digit of p?
9
Let y be (2 - -3)*(2 + 3). Suppose 7*b - 196 = -7. Suppose b*p - y*p = 108. What is the tens digit of p?
5
Suppose -5*p + 10*p + 4*n + 2108 = 0, 3*p + 4*n + 1260 = 0. Let m = -135 - p. What is the tens digit of m?
8
Let q be (-6 - -9)*(-123)/(-9). Suppose -q = 14*g - 419. What is the units digit of g?
7
Suppose 1566*r = 1507*r + 643690. What is the thousands digit of r?
0
Let k be 74/9*107 - 28/(-126). Suppose 2*b = -2*q + 598 + k, 0 = 3*b - 2*q - 2227. What is the tens digit of b?
4
Suppose 244*c = 306*c - 113150. What is the tens digit of c?
2
Let f(d) = -51*d - 1. Let t be f(1). Let a = 74 + t. Let c = a - 7. What is the units digit of c?
5
Let o(l) = 6*l**2 + 3*l + 66. Let y(m) = m**2 - m - 1. Let v(w) = o(w) - 3*y(w). What is the tens digit of v(11)?
9
Let v(w) be the second derivative of 0 - 1/6*w**3 - 18*w + 21/2*w**2. What is the units digit of v(9)?
2
Let l(h) be the first derivative of 6*h**2 + 5*h - 4. Let g be l(-4). Let b = -9 - g. What is the units digit of b?
4
Let g(f) = 3*f + 25. Let w be g(-9). Let c be w/8 + 27/12. Suppose c*y + 4*t - 135 = 27, -3*t - 81 = -y. What is the tens digit of y?
8
Suppose -4*q + 464 = 2*f, 4*q = -f + 7*f + 464. What is the units digit of q?
6
Let a(n) be the first derivative of 5*n**3/3 + n**2/2 - n + 14. Let s be a(2). What is the units digit of (1 - 2*3/2) + s?
9
What is the tens digit of ((-236)/(-24) - 12/(-72))*13689/6?
1
Suppose -16*m - 115 = -39*m. Suppose 5*s - 100 = -5. Suppose d - 104 = -m*h + s, 2*d - h = 246. What is the units digit of d?
3
Let h(l) = -951*l + 1978. What is the units digit of h(-28)?
6
What is the thousands digit of (-54)/504*(-1 - 3) + 559904/28?
9
Suppose 18*p + 59*p = 1556632. What is the tens digit of p?
1
Let a be -17 + 7 - (-15 + 2). Let c = 129 + -78. Suppose 4*p + 3*l = c, -a*p + 13 = 2*l - 24. What is the units digit of p?
9
Let b(o) = 3771*o**2 + 5*o + 6. Let f be b(-1). Suppose 9*m = 2303 + f. What is the hundreds digit of m?
6
Suppose -13*s + 6*i + 42768 = -10*s, 2*s - 28548 = -2*i. What is the units digit of s?
8
Let y(m) = m**2 - 2. Let n(k) = 6*k**2 + 3*k - 25. Let j(i) = n(i) - 4*y(i). What is the tens digit of j(6)?
7
Suppose -4*j - 5*l = -3*l - 114, -2*l + 144 = 5*j. Let g be (-1 + 2)*(5 + j)/7. Suppose 3*x - 62 = -g*i, 4*i = -4*x + 74 + 6. What is the tens digit of x?
1
Let q = -840 - -833. What is the tens digit of ((-7)/q)/(-7) + (-19056)/(-14)?
6
Let k be 6*(-6)/(-72) + (-245)/10. What is the tens digit of (-134)/((k/(-20))/(-6)) + -6?
6
Let t be (-40)/60*-1*393. What is the tens digit of (13 - (0 + 7))*t/3?
2
Suppose 2*r = -5*v + 5182, 4*v - r - 4538 + 395 = 0. Suppose 0 = 214*g - 210*g - v. What is the tens digit of g?
5
Let b(u) = 50*u**2 + 15*u + 73. Let a be b(-7). Suppose -a - 4428 = -6*i. What is the units digit of i?
1
Suppose 6*t - 1692 = 3*t. Suppose 2*x = t + 858. What is the units digit of x?
1
Suppose -3*d = -3*b - 45462, 9*b = 2*d - 10068 - 20212. What is the units digit of d?
8
Suppose 4*m = -2*s + 25776, -122*m - 25749 = -2*s - 117*m. What is the thousands digit of s?
2
Suppose 0 = 5*m + 3*m - 56. Let a be (-1293)/(-15) - m/35. Let p = 93 + a. What is the hundreds digit of p?
1
What is the hundreds digit of (55952/(-624))/(-1 + (-38)/(-39))?
4
Let q(j) = 10*j + 294. Let g be q(-31). Let i(l) = 0*l**2 - 8 - 7 + 10*l + 2*l**2 - l**2. What is the tens digit of i(g)?
8
Let w(k) = -26*k - 92. Let g be w(-27). Let p = -249 + g. What is the tens digit of p?
6
What is the units digit of (15/45*-3629)/(1/(-6))?
8
What is the hundreds digit of (465 - 466)/(1